 - 3 - 4 = -2*m, 0 = 5*q + 15. Let u be 150/m + 15/(-20). What is the greatest common divisor of 162 and u?
18
Let m be -70*(-2)/6 + 4/(-3). Let i = -20 + m. What is the greatest common divisor of i and 22?
2
Let f(o) = o**2 - 21*o - 92. Let h be f(27). Calculate the highest common factor of h and 315.
35
Let p be -3 - (-67 + (-1 + 0 - 2)). Let b = -2 + p. What is the highest common factor of 13 and b?
13
Let i(b) = -71*b + 2. Suppose -2*m + m - 4*d = -10, 2*m = 4*d + 20. Suppose -6*n + n = m. Let v be i(n). Calculate the greatest common factor of v and 18.
18
Let i be ((-4)/18)/(11/(-1287)). What is the greatest common factor of 39 and i?
13
Let h(z) = -z**3 + 20*z**2 + 20*z + 24. Let k be h(21). Let c(o) = 30*o - 4. Let j be c(k). Calculate the greatest common divisor of j and 129.
43
Let c(f) be the third derivative of f**4/12 + 22*f**2. Let g be c(3). Calculate the highest common divisor of 12 and g.
6
Suppose 0 = 3*z + 12, -4*p + 0*z = -4*z - 16. Suppose -6*o + 3*o + 66 = p. Let f be 3 - 11/(o/(-12)). Calculate the greatest common divisor of 27 and f.
9
Suppose 0*c = -3*n + 4*c - 134, -3*n - c - 109 = 0. Let o = -11 - n. What is the highest common divisor of 108 and o?
27
Suppose -7*y + 30 = 3*y. Suppose j - 3 = y. Calculate the highest common factor of j and 3.
3
Let v = -33 + 65. Suppose -3*o + 148 = -5*i, -2*i - 60 = -0*i - 2*o. Let d = i + 37. Calculate the greatest common factor of v and d.
8
Let q be (-1)/(-3 - 178/(-60)). Suppose 3*y + q = 5*y. Calculate the greatest common divisor of y and 10.
5
Let d(t) = t**3 - 7*t**2 + 4*t + 5. Let a be d(6). Let o = a - -19. Let v(w) = w**2 - 6. Let i be v(6). Calculate the greatest common factor of o and i.
6
Suppose -41 = -4*a + 19. Let k = 204 - a. What is the greatest common factor of k and 27?
27
Suppose 4*s + 3*i = 420, 8*s = 7*s - i + 105. What is the greatest common factor of 385 and s?
35
Suppose 2*z - 57 = -49. What is the greatest common divisor of 196 and z?
4
Let y = -14 - -102. Calculate the highest common divisor of 11 and y.
11
Let y = 47 - 12. What is the highest common divisor of y and 70?
35
Let z = -1023 - -1223. What is the highest common factor of z and 25?
25
Let d = -320 + 385. What is the greatest common factor of 91 and d?
13
Suppose -5*b - 12 = w + 14, 3*b - 5*w + 38 = 0. Let i be (-7 - b)*(33 + 0). Let p be (-242)/i + 1/(-3). What is the greatest common divisor of p and 63?
7
Suppose 108 = -5*w + 4*y + 38, -5*y - 5 = 3*w. Let l = w - -2. Let c(s) = s**2 + 4*s - 11. Let z be c(l). Calculate the greatest common divisor of z and 84.
21
Let j be (2/6)/(3/117). Let p = -922 - -1026. What is the highest common factor of p and j?
13
Let p(l) = 5*l**2 - l + 4. Let o(b) = -6*b**2 + b - 4. Let u(a) = 2*o(a) + 3*p(a). Let f be u(-4). Calculate the greatest common factor of f and 7.
7
Let j = -65 - -107. Let q = 122 - j. Calculate the highest common factor of q and 60.
20
Suppose v + 0*v + 6 = 0. Let u(d) = d**3 + 7*d**2 + 4*d + 9. Let y be u(v). What is the highest common divisor of y and 147?
21
Suppose 95 = 10*s + 1025. Let i = s - -96. What is the greatest common factor of i and 6?
3
Let v be 96/(-2)*(-7)/4. Suppose 64*a + 120 = 68*a - 4*p, 3*a - 4*p - 92 = 0. Calculate the greatest common divisor of v and a.
28
Suppose -23 = 2*h - 5*a, -6 = -0*h - h - a. Let r = h - -13. Let f = r - 1. What is the highest common divisor of f and 91?
13
Suppose -9 = -4*l - 1617. Let s = l - -589. Let k be (2 - -1)*5 + 2. Calculate the highest common divisor of s and k.
17
Let y(c) = c**3 - 2*c**2 + c + 2. Let p be 6/(-5)*(-5)/2. Let x be y(p). Suppose 2 = -2*t + 3*t. Calculate the greatest common divisor of x and t.
2
Suppose -21019 = -50*b - 219. What is the highest common divisor of b and 96?
32
Let x(w) be the third derivative of 0 + w**2 - 5/3*w**3 + 0*w - 1/60*w**5 + 7/24*w**4. Let m be x(4). What is the highest common factor of m and 6?
2
Let i = 766 - 748. Calculate the greatest common factor of i and 30.
6
Let u(v) = 5*v + 111. Let d be u(-18). Calculate the highest common factor of 189 and d.
21
Let v = -67 - -70. Suppose v*q = 56 - 41. What is the greatest common divisor of q and 45?
5
Let h be 3 - (-168)/9 - (-2)/(-3). Let n = -9 + h. What is the highest common divisor of n and 4?
4
Let d(j) be the second derivative of j**4/12 + j**3 + 5*j**2/2 - 13*j. Let o be d(-6). What is the highest common factor of o and 20?
5
Let r(q) = q - 6. Let y(x) = x**3 - 5*x**2 + x + 2. Let s be y(5). Let g be r(s). What is the greatest common divisor of 7 and g?
1
Suppose -79*y - 4*w - 74 = -81*y, -w = 1. What is the highest common divisor of y and 315?
35
Let j be ((-5)/2)/((-2)/8). Let a(b) be the third derivative of 3*b**4/4 + 4*b**3/3 + 8*b**2. Let q be a(4). What is the highest common divisor of j and q?
10
Suppose i = 5*i - 180. Let z(w) = w + 11. Let r be z(-12). Let g = r + 6. Calculate the greatest common factor of g and i.
5
Let z be (0 - 10)*(-14)/5. Suppose 5*a = 2*h - 16 + 98, 2*a = -4*h + z. Let s be 38/4 - 8/a. Calculate the highest common factor of s and 36.
9
Let q = -1202 + 1224. Calculate the highest common factor of 209 and q.
11
Let r(x) = 46*x. Let h be r(5). Suppose 54 = -4*l - p + h, 0 = -5*p - 20. What is the greatest common factor of l and 495?
45
Let c(o) = -o**2 + 9*o - 3. Let b be c(5). Calculate the highest common factor of b and 340.
17
Suppose 5*i - i = 112. Let t = 40 - i. What is the greatest common divisor of t and 24?
12
Suppose 5*r = 4*r + 35. Suppose -341 - 23 = -26*y. What is the highest common divisor of r and y?
7
Let j(v) be the first derivative of -5*v**2/2 - v + 7. Let y be j(-1). Suppose 5*a + y - 69 = 0. Calculate the highest common factor of 65 and a.
13
Let b(h) = h**2 - 11*h - 6. Suppose 0*v = 2*v - 28. Let w be b(v). Calculate the highest common divisor of w and 4.
4
Let j = -13 - -25. Let p be 29/3 - (6 + (-64)/j). Let x be -6*(-1 - 13/2). What is the greatest common divisor of p and x?
9
Suppose -11*k + 3*k + 200 = 0. What is the highest common factor of 275 and k?
25
Let n be (45/(-20))/((-6)/(-16)*-1). Let r be (-68)/(-6) - (-2 + 14/n). Let b = -1 + 12. What is the greatest common divisor of r and b?
11
Let y be 5/10*(2 - 2). Let k = -1 - y. Let c = 11 - k. What is the greatest common divisor of c and 24?
12
Suppose -12 = -17*z + 16*z. What is the highest common factor of 12 and z?
12
Suppose 18*r = 40*r - 154. Calculate the greatest common factor of 17 and r.
1
Let l(d) = 2*d**3 - 8*d**2 + 60*d - 97. Let y be l(2). Let x be (18/(-8))/((-2)/56). Calculate the highest common divisor of y and x.
7
Let l(r) = -r**2 + 13*r - 14. Let j be l(9). Let h = -16 - -37. Suppose h = o - 3*q, -q + 169 = -0*o + 5*o. Calculate the highest common factor of o and j.
11
Let u = -29 + 14. Let d = 16 + u. Suppose 0 = 5*v - d - 4. Calculate the greatest common divisor of v and 3.
1
Suppose -z = -4*w - 5 - 9, 2*w = 4*z - 70. What is the greatest common factor of 126 and z?
18
Suppose -206*z = -230*z + 192. Calculate the highest common divisor of z and 78.
2
Suppose 6*b - b - 910 = 0. Suppose 3*d - 641 = -b. Calculate the greatest common factor of d and 17.
17
Suppose 2*k - 50 = -r, 5*k + 0*k = -4*r + 128. Suppose k = o + 12. Suppose 4*n = n + o. What is the greatest common factor of n and 4?
4
Let k(n) = n**3 - n**2 - 3*n + 2. Let h be k(2). Suppose 0 = -2*d + 3*x + 23, h*d + 3*x = d - 7. Let z = -8 + d. What is the highest common divisor of 8 and z?
8
Suppose 0 = 168*w - 42*w - 1008. Let b be (-6)/(-10) - (-185)/25. What is the highest common factor of w and b?
8
Let s(h) = 27*h**2 + 4*h + 8. Let t be s(-4). Let z = t + -114. What is the greatest common factor of 31 and z?
31
Suppose -s - 3*w - 318 = -1952, 0 = -5*s - 3*w + 8194. Calculate the highest common divisor of s and 40.
40
Let f be (-1)/2*(-88)/22. Suppose 4*b - d = 52, 4*b - f*d - 22 = 26. What is the greatest common factor of 112 and b?
14
Let h(q) = 3*q - 33. Let w be h(18). Calculate the greatest common factor of 63 and w.
21
Let a(c) be the third derivative of -5*c**4/24 - 8*c**3/3 + 12*c**2. Let x be a(-4). Calculate the highest common factor of 1 and x.
1
Let q be 16/(-24)*9 - -967. What is the greatest common divisor of 31 and q?
31
Let h = 104 - 84. What is the greatest common divisor of 60 and